9 and 7838191.
349
What is the greatest common divisor of 22210 and 230?
10
What is the greatest common factor of 257444 and 550?
22
What is the highest common divisor of 141 and 1322862?
141
Calculate the greatest common divisor of 264 and 3135.
33
Calculate the greatest common factor of 144649 and 158.
79
What is the highest common divisor of 23474 and 968?
242
Calculate the greatest common divisor of 50 and 815.
5
What is the greatest common factor of 953946 and 21?
21
What is the highest common factor of 62 and 62341?
31
What is the highest common divisor of 10480293 and 27?
27
Calculate the highest common divisor of 69940 and 1230.
10
Calculate the highest common factor of 353 and 407009.
353
Calculate the greatest common divisor of 42 and 271212.
6
Calculate the greatest common divisor of 41040 and 16112.
304
Calculate the highest common factor of 8032658 and 262.
262
What is the greatest common divisor of 138958 and 1072?
134
Calculate the greatest common divisor of 54 and 72.
18
What is the highest common factor of 391 and 1977678?
391
What is the greatest common factor of 551941 and 13?
13
What is the greatest common factor of 4727 and 42311?
29
What is the greatest common divisor of 22 and 418385?
11
Calculate the highest common factor of 40395 and 120.
15
What is the highest common factor of 12700 and 325?
25
Calculate the highest common factor of 168210 and 28.
14
Calculate the greatest common factor of 63329 and 49.
7
Calculate the greatest common factor of 225621 and 13409.
583
What is the greatest common divisor of 13812 and 1812?
12
Calculate the greatest common factor of 8944 and 512.
16
What is the greatest common divisor of 4 and 10614?
2
Calculate the greatest common divisor of 19544 and 56.
56
What is the highest common factor of 97 and 87979?
97
Calculate the highest common divisor of 3240 and 310392.
648
What is the greatest common factor of 4235 and 133?
7
Calculate the greatest common divisor of 4516692 and 348.
348
What is the greatest common divisor of 31 and 95077?
31
What is the highest common factor of 242382 and 19488?
1218
What is the greatest common factor of 33763 and 1082193?
1777
Calculate the highest common factor of 3978 and 12240.
306
What is the greatest common factor of 948570 and 63?
21
Calculate the greatest common divisor of 4 and 6442.
2
What is the highest common divisor of 10313 and 1?
1
What is the greatest common factor of 2740 and 470?
10
Calculate the highest common divisor of 106 and 2076.
2
What is the highest common divisor of 21 and 4780629?
21
Calculate the highest common factor of 410 and 341735.
205
Calculate the highest common factor of 328899 and 51.
51
What is the highest common factor of 3303020 and 20?
20
What is the greatest common factor of 896 and 29008?
112
Calculate the highest common factor of 616 and 13160.
56
What is the greatest common divisor of 296585 and 2300?
115
Calculate the highest common factor of 39 and 864357.
39
What is the highest common factor of 26895 and 2805?
165
Calculate the highest common divisor of 42 and 2306451.
21
What is the greatest common factor of 28792 and 40504?
488
Calculate the greatest common divisor of 909 and 686901.
303
What is the greatest common divisor of 592048 and 16?
16
What is the greatest common divisor of 72 and 448884?
36
What is the greatest common divisor of 300 and 669900?
300
Calculate the highest common factor of 875 and 10350.
25
Calculate the greatest common divisor of 81 and 27432.
27
Calculate the greatest common factor of 116 and 325844.
116
Calculate the highest common factor of 1122 and 3075402.
1122
What is the highest common factor of 2964560 and 160?
80
Calculate the greatest common factor of 147429 and 3.
3
Calculate the greatest common divisor of 10117 and 4221.
67
What is the greatest common factor of 262 and 1635142?
262
Calculate the greatest common divisor of 5896660 and 4.
4
What is the greatest common divisor of 1694 and 6413?
121
What is the greatest common factor of 8128 and 5?
1
Calculate the highest common factor of 110 and 110220.
110
What is the greatest common divisor of 960 and 95808?
192
Calculate the greatest common factor of 107 and 6693171.
107
What is the highest common divisor of 446886 and 407?
407
What is the highest common divisor of 700 and 9436?
28
What is the greatest common factor of 1 and 11653?
1
What is the highest common divisor of 2470 and 4350905?
1235
What is the highest common divisor of 1520 and 730?
10
What is the highest common factor of 1526535 and 405?
45
Calculate the highest common factor of 113713 and 459.
17
Calculate the greatest common factor of 16967 and 3807.
47
Calculate the highest common factor of 79 and 58381.
79
What is the highest common factor of 5848 and 27336?
136
What is the greatest common divisor of 3095 and 100?
5
Calculate the greatest common divisor of 114 and 327351.
57
What is the highest common factor of 9238 and 65782?
62
What is the greatest common divisor of 496688 and 112?
16
What is the greatest common divisor of 4601 and 3424?
107
Calculate the highest common factor of 66 and 93528.
6
What is the greatest common factor of 168 and 152096?
56
What is the greatest common factor of 105416 and 8?
8
Calculate the highest common divisor of 84 and 265692.
84
Calculate the greatest common divisor of 290591 and 14.
7
Calculate the highest common divisor of 21 and 69986.
7
What is the highest common factor of 2552 and 5632?
88
What is the highest common factor of 696 and 23142?
174
Calculate the highest common divisor of 34 and 116294.
2
What is the greatest common divisor of 220 and 696740?
220
Calculate the highest common factor of 33652 and 316.
4
Calculate the greatest common factor of 122 and 766770.
122
What is the highest common divisor of 2620 and 156676?
524
Calculate the highest common divisor of 96 and 2493024.
96
Calculate the greatest common divisor of 85254 and 78.
78
Calculate the greatest common divisor of 224487 and 18.
9
What is the highest common divisor of 1368 and 2799?
9
Calculate the highest common factor of 405812 and 88044.
1012
What is the highest common divisor of 8420 and 3470?
10
Calculate the highest common divisor of 63 and 1042461.
63
What is the highest common factor of 171901 and 433?
433
What is the highest common divisor of 697 and 1169566?
697
Calculate the highest common factor of 316416 and 3399.
309
Calculate the greatest common factor of 401 and 116.
1
Calculate the highest common divisor of 7696 and 20384.
208
What is the highest common factor of 7802 and 4482?
166
Calculate the highest common factor of 413 and 551886.
59
Calculate the greatest common divisor of 9036 and 36.
36
What is the highest common divisor of 928 and 4000?
32
What is the greatest common divisor of 54 and 1454787?
27
What is the greatest common divisor of 170 and 150875?
85
Calculate the highest common divisor of 228334 and 2.
2
Calculate the highest common divisor of 1595 and 42108.
319
What is the greatest common factor of 91083 and 194?
97
Calculate the highest common divisor of 21009 and 141.
141
What is the greatest common divisor of 752736 and 288?
96
Calculate the highest common divisor of 110653 and 1173.
391
Calculate the highest common factor of 85500 and 1008.
36
What is the highest common factor of 130 and 95238?
26
Calculate the greatest common factor of 191 and 9741.
191
What is the highest common divisor of 8748 and 124?
4
Calculate the greatest common divisor of 425581 and 2223.
247
Calculate the greatest common factor of 786 and 138.
6
What is the greatest common factor of 356 and 7965144?
356
Calculate the highest common divisor of 2769 and 1131.
39
What is the highest common divisor of 15730 and 520?
130
What is the highest common divisor of 193792 and 1408?
128
What is the highest common factor of 32355 and 90?
45
What is the greatest common divisor of 132 and 1982640?
132
What is the greatest common divisor of 1002 and 66967?
167
Calculate the highest common divisor of 59508 and 464.
116
Calculate the greatest common factor of 2596 and 330.
22
Calculate the greatest common divisor of 2365 and 2200.
55
What is the highest common divisor of 1053 and 153?
9
Calculate the greatest common divisor of 23989 and 2576.
161